{"id":855,"date":"2018-02-27T11:27:35","date_gmt":"2018-02-27T11:27:35","guid":{"rendered":"http:\/\/endurer.mikado-themes.com\/?page_id=855"},"modified":"2023-02-22T10:37:04","modified_gmt":"2023-02-22T10:37:04","slug":"our-process","status":"publish","type":"page","link":"http:\/\/team.euforiabiegacza-sport.pl\/?page_id=855","title":{"rendered":"Wsp\u00f3lne Treningi"},"content":{"rendered":"<p>[vc_row][vc_column]<div class=\"mkdf-elements-holder   mkdf-two-columns  mkdf-responsive-mode-1024 \" ><div class=\"mkdf-eh-item     \" style=\"background-image: url(http:\/\/team.euforiabiegacza-sport.pl\/wp-content\/uploads\/2019\/08\/67390381_2415701831828218_4547725318210715648_o-1.jpg)\" data-item-class=\"mkdf-eh-custom-7590\" data-768-1024=\"275px 0px\" data-680-768=\"275px 0px\" data-680=\"160px 0px\">\n\t<div class=\"mkdf-eh-item-inner\">\n\t\t<div class=\"mkdf-eh-item-content mkdf-eh-custom-7590\" >\n\t\t\t\t\t<\/div>\n\t<\/div>\n<\/div><div class=\"mkdf-eh-item   mkdf-horizontal-alignment-right  \"  data-item-class=\"mkdf-eh-custom-6226\" data-1280-1600=\"134px 128px 146px 162px\" data-1024-1280=\"134px 97px 146px 149px\" data-768-1024=\"139px 19% 7px 41%\" data-680-768=\"137px 23% 14px 23%\" data-680=\"142px 15px 134px 15px\">\n\t<div class=\"mkdf-eh-item-inner\">\n\t\t<div class=\"mkdf-eh-item-content mkdf-eh-custom-6226\" style=\"padding: 135px 257px 145px 300px\">\n\t\t\t<div class=\"mkdf-section-title-holder   \" >\n\t<div class=\"mkdf-st-inner\" >\n\t\t\t\t\t<h2 class=\"mkdf-st-title\" >\n\t\t\t\tWsp\u00f3lne Wyjazdy\t\t\t<\/h2>\n\t\t        <div class=\"mkdf-separator-holder clearfix   \" >\n\t\t<div class=\"mkdf-separator\" style=\"width: 80px\"><\/div>\n\t<\/div>\n    <\/div>\n            <p class=\"mkdf-st-text\" style=\"margin-top: 13px\">\n            Cz\u0119sto wyje\u017cd\u017camy w g\u00f3ry, uciekamy od zgie\u0142ku miasta i szukamy wolno\u015bci na biegowych \u015bcie\u017ckach. Serdecznie zapraszamy wszystkich bez wzgl\u0119du na stopie\u0144 zaawansowania. Je\u017celi jest potrzeba to dzielimy si\u0119 na grupy \u017ceby ka\u017cdy m\u00f3g\u0142 dostosowa\u0107 tempo do swoich umiej\u0119tno\u015bci.        <\/p>\n    <\/div>[vc_empty_space height=&#8221;27px&#8221;]<a itemprop=\"url\" href=\"http:\/\/team.euforiabiegacza-sport.pl\/\" target=\"_self\"  class=\"mkdf-btn mkdf-btn-medium mkdf-btn-solid mkdf-btn-separate-border\"  >\n\t\t\t<span class=\"mkdf-btn-sep-border\" ><\/span>\n\t    <span class=\"mkdf-btn-text\">Wi\u0119cej<\/span>\n\t<\/a>\t\t<\/div>\n\t<\/div>\n<\/div><\/div>[\/vc_column][\/vc_row][vc_row][vc_column]<div class=\"mkdf-elements-holder   mkdf-two-columns  mkdf-responsive-mode-1024 \" ><div class=\"mkdf-eh-item     \"  data-item-class=\"mkdf-eh-custom-6698\" data-1280-1600=\"180px 10% 194px 10%\" data-1024-1280=\"180px 10% 195px 10%\" data-768-1024=\"127px 19% 148px 19%\" data-680-768=\"120px 172px 148px 160px\" data-680=\"0 15px 149px 15px\">\n\t<div class=\"mkdf-eh-item-inner\">\n\t\t<div class=\"mkdf-eh-item-content mkdf-eh-custom-6698\" style=\"padding: 180px 200px 196px 160px\">\n\t\t\t<div class=\"mkdf-section-title-holder   \" style=\" text-align: left\">\n\t<div class=\"mkdf-st-inner\" >\n\t\t\t\t\t<h2 class=\"mkdf-st-title\" >\n\t\t\t\tMotywacja\t\t\t<\/h2>\n\t\t        <div class=\"mkdf-separator-holder clearfix   \" >\n\t\t<div class=\"mkdf-separator\" style=\"width: 80px\"><\/div>\n\t<\/div>\n    <\/div>\n            <p class=\"mkdf-st-text\" style=\"margin-top: 13px\">\n            Brakuje Ci motywacji, wsp\u00f3lne treningi pomog\u0105 Ci j\u0105 znale\u017a\u0107. Ka\u017cdy ma s\u0142absze dni, kiedy nie chce si\u0119 nic a tym bardziej wyj\u015b\u0107 na trening. Wsp\u00f3lne bieganie? To dobry pomys\u0142.        <\/p>\n    <\/div>[vc_empty_space height=&#8221;13px&#8221;]\t\t<\/div>\n\t<\/div>\n<\/div><div class=\"mkdf-eh-item     \" style=\"background-image: url(http:\/\/team.euforiabiegacza-sport.pl\/wp-content\/uploads\/2019\/03\/20181202_101247.jpg)\" data-item-class=\"mkdf-eh-custom-9517\" data-768-1024=\"275px 0px\" data-680-768=\"275px 0 275px 0\" data-680=\"160px 0px\">\n\t<div class=\"mkdf-eh-item-inner\">\n\t\t<div class=\"mkdf-eh-item-content mkdf-eh-custom-9517\" >\n\t\t\t\t\t<\/div>\n\t<\/div>\n<\/div><\/div>[\/vc_column][\/vc_row][vc_row][vc_column]<div class=\"mkdf-elements-holder   mkdf-two-columns  mkdf-responsive-mode-1024 \" ><div class=\"mkdf-eh-item     \" style=\"background-image: url(http:\/\/team.euforiabiegacza-sport.pl\/wp-content\/uploads\/2019\/03\/adventure-1807524_1920-1.jpg)\" data-item-class=\"mkdf-eh-custom-3690\" data-1280-1600=\"162px 128px 162px 150px\" data-768-1024=\"275px 0px\" data-680-768=\"275px 0 275px 0\" data-680=\"160px 0px\">\n\t<div class=\"mkdf-eh-item-inner\">\n\t\t<div class=\"mkdf-eh-item-content mkdf-eh-custom-3690\" >\n\t\t\t\t\t<\/div>\n\t<\/div>\n<\/div><div class=\"mkdf-eh-item     \"  data-item-class=\"mkdf-eh-custom-9939\" data-1280-1600=\"155px 129px 155px 20%\" data-1024-1280=\"148px 15% 148px 20%\" data-768-1024=\"139px 19% 142px 42%\" data-680-768=\"139px 173px 142px 160px\" data-680=\"144px 15px 143px 15px\">\n\t<div class=\"mkdf-eh-item-inner\">\n\t\t<div class=\"mkdf-eh-item-content mkdf-eh-custom-9939\" style=\"padding: 140px 257px 144px 297px\">\n\t\t\t<div class=\"mkdf-section-title-holder   \" style=\" text-align: right\">\n\t<div class=\"mkdf-st-inner\" >\n\t\t\t\t\t<h2 class=\"mkdf-st-title\" >\n\t\t\t\tWiedza i Do\u015bwiadczenie\t\t\t<\/h2>\n\t\t        <div class=\"mkdf-separator-holder clearfix   \" >\n\t\t<div class=\"mkdf-separator\" style=\"width: 80px\"><\/div>\n\t<\/div>\n    <\/div>\n            <p class=\"mkdf-st-text\" style=\"margin-top: 13px\">\n            Dzielimy si\u0119 wiedz\u0105 i do\u015bwiadczeniem. Cz\u0142owiek uczy si\u0119 na b\u0142\u0119dach ale czy zawsze musi na swoich? Dzi\u0119ki EuforiaBiegacza Team mo\u017cemy wymienia\u0107 si\u0119 do\u015bwiadczeniami, przekazywa\u0107 r\u00f3\u017cne wskaz\u00f3wki czy zaplanowa\u0107 treningi. Tutaj ka\u017cdy mo\u017ce liczy\u0107 na drug\u0105 osob\u0119, bo jeste\u015bmy zespo\u0142em.        <\/p>\n    <\/div>\t\t<\/div>\n\t<\/div>\n<\/div><\/div>[\/vc_column][\/vc_row]<\/p>\n","protected":false},"excerpt":{"rendered":"<p>[vc_row][vc_column][\/vc_column][\/vc_row][vc_row][vc_column][\/vc_column][\/vc_row][vc_row][vc_column][\/vc_column][\/vc_row]<\/p>\n","protected":false},"author":1,"featured_media":0,"parent":0,"menu_order":0,"comment_status":"closed","ping_status":"closed","template":"full-width.php","meta":{"spay_email":"","footnotes":""},"class_list":["post-855","page","type-page","status-publish","hentry"],"yoast_head":"<!-- This site is optimized with the Yoast SEO plugin v17.3 - https:\/\/yoast.com\/wordpress\/plugins\/seo\/ -->\n<title>Wsp\u00f3lne Treningi - EuforiaBiegacza Team<\/title>\n<meta name=\"robots\" content=\"index, follow, max-snippet:-1, max-image-preview:large, max-video-preview:-1\" \/>\n<link rel=\"canonical\" href=\"http:\/\/team.euforiabiegacza-sport.pl\/?page_id=855\" \/>\n<meta property=\"og:locale\" content=\"pl_PL\" \/>\n<meta property=\"og:type\" content=\"article\" \/>\n<meta property=\"og:title\" content=\"Wsp\u00f3lne Treningi - EuforiaBiegacza Team\" \/>\n<meta property=\"og:description\" content=\"[vc_row][vc_column][\/vc_column][\/vc_row][vc_row][vc_column][\/vc_column][\/vc_row][vc_row][vc_column][\/vc_column][\/vc_row]\" \/>\n<meta property=\"og:url\" content=\"http:\/\/team.euforiabiegacza-sport.pl\/?page_id=855\" \/>\n<meta property=\"og:site_name\" content=\"EuforiaBiegacza Team\" \/>\n<meta property=\"article:modified_time\" content=\"2023-02-22T10:37:04+00:00\" \/>\n<meta name=\"twitter:card\" content=\"summary_large_image\" \/>\n<meta name=\"twitter:label1\" content=\"Szacowany czas czytania\" \/>\n\t<meta name=\"twitter:data1\" content=\"3 minuty\" \/>\n<script type=\"application\/ld+json\" class=\"yoast-schema-graph\">{\"@context\":\"https:\/\/schema.org\",\"@graph\":[{\"@type\":\"WebSite\",\"@id\":\"http:\/\/team.euforiabiegacza-sport.pl\/#website\",\"url\":\"http:\/\/team.euforiabiegacza-sport.pl\/\",\"name\":\"EuforiaBiegacza Team\",\"description\":\"Zrodziona z pasji do biegania\",\"potentialAction\":[{\"@type\":\"SearchAction\",\"target\":{\"@type\":\"EntryPoint\",\"urlTemplate\":\"http:\/\/team.euforiabiegacza-sport.pl\/?s={search_term_string}\"},\"query-input\":\"required name=search_term_string\"}],\"inLanguage\":\"pl-PL\"},{\"@type\":\"WebPage\",\"@id\":\"http:\/\/team.euforiabiegacza-sport.pl\/?page_id=855#webpage\",\"url\":\"http:\/\/team.euforiabiegacza-sport.pl\/?page_id=855\",\"name\":\"Wsp\\u00f3lne Treningi - EuforiaBiegacza Team\",\"isPartOf\":{\"@id\":\"http:\/\/team.euforiabiegacza-sport.pl\/#website\"},\"datePublished\":\"2018-02-27T11:27:35+00:00\",\"dateModified\":\"2023-02-22T10:37:04+00:00\",\"breadcrumb\":{\"@id\":\"http:\/\/team.euforiabiegacza-sport.pl\/?page_id=855#breadcrumb\"},\"inLanguage\":\"pl-PL\",\"potentialAction\":[{\"@type\":\"ReadAction\",\"target\":[\"http:\/\/team.euforiabiegacza-sport.pl\/?page_id=855\"]}]},{\"@type\":\"BreadcrumbList\",\"@id\":\"http:\/\/team.euforiabiegacza-sport.pl\/?page_id=855#breadcrumb\",\"itemListElement\":[{\"@type\":\"ListItem\",\"position\":1,\"name\":\"Strona g\\u0142\\u00f3wna\",\"item\":\"http:\/\/team.euforiabiegacza-sport.pl\/\"},{\"@type\":\"ListItem\",\"position\":2,\"name\":\"Wsp\\u00f3lne Treningi\"}]}]}<\/script>\n<!-- \/ Yoast SEO plugin. -->","yoast_head_json":{"title":"Wsp\u00f3lne Treningi - EuforiaBiegacza Team","robots":{"index":"index","follow":"follow","max-snippet":"max-snippet:-1","max-image-preview":"max-image-preview:large","max-video-preview":"max-video-preview:-1"},"canonical":"http:\/\/team.euforiabiegacza-sport.pl\/?page_id=855","og_locale":"pl_PL","og_type":"article","og_title":"Wsp\u00f3lne Treningi - EuforiaBiegacza Team","og_description":"[vc_row][vc_column][\/vc_column][\/vc_row][vc_row][vc_column][\/vc_column][\/vc_row][vc_row][vc_column][\/vc_column][\/vc_row]","og_url":"http:\/\/team.euforiabiegacza-sport.pl\/?page_id=855","og_site_name":"EuforiaBiegacza Team","article_modified_time":"2023-02-22T10:37:04+00:00","twitter_card":"summary_large_image","twitter_misc":{"Szacowany czas czytania":"3 minuty"},"schema":{"@context":"https:\/\/schema.org","@graph":[{"@type":"WebSite","@id":"http:\/\/team.euforiabiegacza-sport.pl\/#website","url":"http:\/\/team.euforiabiegacza-sport.pl\/","name":"EuforiaBiegacza Team","description":"Zrodziona z pasji do biegania","potentialAction":[{"@type":"SearchAction","target":{"@type":"EntryPoint","urlTemplate":"http:\/\/team.euforiabiegacza-sport.pl\/?s={search_term_string}"},"query-input":"required name=search_term_string"}],"inLanguage":"pl-PL"},{"@type":"WebPage","@id":"http:\/\/team.euforiabiegacza-sport.pl\/?page_id=855#webpage","url":"http:\/\/team.euforiabiegacza-sport.pl\/?page_id=855","name":"Wsp\u00f3lne Treningi - EuforiaBiegacza Team","isPartOf":{"@id":"http:\/\/team.euforiabiegacza-sport.pl\/#website"},"datePublished":"2018-02-27T11:27:35+00:00","dateModified":"2023-02-22T10:37:04+00:00","breadcrumb":{"@id":"http:\/\/team.euforiabiegacza-sport.pl\/?page_id=855#breadcrumb"},"inLanguage":"pl-PL","potentialAction":[{"@type":"ReadAction","target":["http:\/\/team.euforiabiegacza-sport.pl\/?page_id=855"]}]},{"@type":"BreadcrumbList","@id":"http:\/\/team.euforiabiegacza-sport.pl\/?page_id=855#breadcrumb","itemListElement":[{"@type":"ListItem","position":1,"name":"Strona g\u0142\u00f3wna","item":"http:\/\/team.euforiabiegacza-sport.pl\/"},{"@type":"ListItem","position":2,"name":"Wsp\u00f3lne Treningi"}]}]}},"jetpack_sharing_enabled":true,"jetpack_shortlink":"https:\/\/wp.me\/PaRMAY-dN","_links":{"self":[{"href":"http:\/\/team.euforiabiegacza-sport.pl\/index.php?rest_route=\/wp\/v2\/pages\/855","targetHints":{"allow":["GET"]}}],"collection":[{"href":"http:\/\/team.euforiabiegacza-sport.pl\/index.php?rest_route=\/wp\/v2\/pages"}],"about":[{"href":"http:\/\/team.euforiabiegacza-sport.pl\/index.php?rest_route=\/wp\/v2\/types\/page"}],"author":[{"embeddable":true,"href":"http:\/\/team.euforiabiegacza-sport.pl\/index.php?rest_route=\/wp\/v2\/users\/1"}],"replies":[{"embeddable":true,"href":"http:\/\/team.euforiabiegacza-sport.pl\/index.php?rest_route=%2Fwp%2Fv2%2Fcomments&post=855"}],"version-history":[{"count":11,"href":"http:\/\/team.euforiabiegacza-sport.pl\/index.php?rest_route=\/wp\/v2\/pages\/855\/revisions"}],"predecessor-version":[{"id":17827,"href":"http:\/\/team.euforiabiegacza-sport.pl\/index.php?rest_route=\/wp\/v2\/pages\/855\/revisions\/17827"}],"wp:attachment":[{"href":"http:\/\/team.euforiabiegacza-sport.pl\/index.php?rest_route=%2Fwp%2Fv2%2Fmedia&parent=855"}],"curies":[{"name":"wp","href":"https:\/\/api.w.org\/{rel}","templated":true}]}}