{"id":17755,"date":"2021-10-07T09:13:33","date_gmt":"2021-10-07T09:13:33","guid":{"rendered":"https:\/\/team.euforiabiegacza-sport.pl\/?post_type=product&#038;p=17755"},"modified":"2021-10-07T09:15:04","modified_gmt":"2021-10-07T09:15:04","slug":"damska-koszulka-do-biegania-euforia-biegacza-team","status":"publish","type":"product","link":"http:\/\/team.euforiabiegacza-sport.pl\/?product=damska-koszulka-do-biegania-euforia-biegacza-team","title":{"rendered":"Damska koszulka do biegania &#8211; Euforia Biegacza Team"},"content":{"rendered":"<h1><span style=\"font-size: large;\"><strong>Damska koszulka do biegania &#8211; Euforia Biegacza Teams<\/strong><\/span><\/h1>\n<p>Koszulka z kr\u00f3tkim r\u0119kawem<strong> Euforia Biegacza Team<\/strong>\u00a0to idealna koszulka <strong>na trening w ciep\u0142e dni<\/strong>. Wykonana z pi\u0119knie<strong> nadrukowanego materia\u0142u<\/strong>\u00a0kt\u00f3ry jest<strong> mi\u0119kki i przyjemny w dotyku.\u00a0 Materia\u0142\u00a0ACTIVE-DRY:<\/strong> szybkoschn\u0105cy, oddychaj\u0105cy materia\u0142 funkcyjny, g\u0142adka i lekka dzianina, odblaskowe logo ACTIVE-DRY na plecach<\/p>\n<p><em>Dodatkowe informacje:<\/em><\/p>\n<ul>\n<li>bardzo dobra oddychalno\u015b\u0107,<\/li>\n<li>lekka,<\/li>\n<li>element odbalskowe poprawiaj\u0105 widoczno\u0107 po zmroku,<\/li>\n<li>materia\u0142 bardzo dobrej jako\u015bci, odprowadzaj\u0105cy nadmiar wilgoci,<\/li>\n<li>100% poliester<\/li>\n<\/ul>\n<p><strong>TABELA ROZMIAR\u00d3W<\/strong><\/p>\n<table class=\"sizestable table-striped\">\n<tbody>\n<tr>\n<th>EU<\/th>\n<th>Wzrost (cm)<\/th>\n<th>Obw\u00f3d klatki piersiowej (cm)<\/th>\n<th>Obw\u00f3d talii (cm)<\/th>\n<th>Obw\u00f3d bioder (cm)<\/th>\n<\/tr>\n<tr>\n<td class=\"sizerow\">XS<\/td>\n<td>165-172<\/td>\n<td>74-81<\/td>\n<td>58-65<\/td>\n<td>85-91<\/td>\n<\/tr>\n<tr>\n<td class=\"sizerow\">S<\/td>\n<td>165-172<\/td>\n<td>82-89<\/td>\n<td>66-73<\/td>\n<td>92-98<\/td>\n<\/tr>\n<tr>\n<td class=\"sizerow\">M<\/td>\n<td>165-172<\/td>\n<td>90-97<\/td>\n<td>74-81<\/td>\n<td>99-104<\/td>\n<\/tr>\n<tr>\n<td class=\"sizerow\">L<\/td>\n<td>165-172<\/td>\n<td>98-107<\/td>\n<td>82-90<\/td>\n<td>105-112<\/td>\n<\/tr>\n<tr>\n<td class=\"sizerow\">XL<\/td>\n<td>165-172<\/td>\n<td>108-119<\/td>\n<td>91-102<\/td>\n<td>113-121<\/td>\n<\/tr>\n<\/tbody>\n<\/table>\n","protected":false},"excerpt":{"rendered":"<p>Damska koszulka z kr\u00f3tkim r\u0119kawem Euforia Biegacza Team to idealna koszulka na trening w ciep\u0142e dni. Wykonana z pi\u0119knie nadrukowanego materia\u0142u, kt\u00f3ry jest bardzo mi\u0119kki i mi\u0142y w dotyku. Gwarantuje wysoki komfort u\u017cytkowania.<\/p>\n","protected":false},"featured_media":17718,"comment_status":"open","ping_status":"closed","template":"","meta":{"spay_email":"","jetpack_publicize_message":"","jetpack_is_tweetstorm":false},"product_brand":[],"product_cat":[66,129,128],"product_tag":[],"class_list":{"0":"post-17755","1":"product","2":"type-product","3":"status-publish","4":"has-post-thumbnail","6":"product_cat-damskie","7":"product_cat-koszulki","8":"product_cat-odziez","10":"first","11":"instock","12":"shipping-taxable","13":"purchasable","14":"product-type-variable"},"yoast_head":"<!-- This site is optimized with the Yoast SEO plugin v17.3 - https:\/\/yoast.com\/wordpress\/plugins\/seo\/ -->\n<title>Damska koszulka do biegania - Euforia Biegacza Team - EuforiaBiegacza Team<\/title>\n<meta name=\"robots\" content=\"index, follow, max-snippet:-1, max-image-preview:large, max-video-preview:-1\" \/>\n<link rel=\"canonical\" href=\"http:\/\/team.euforiabiegacza-sport.pl\/?product=damska-koszulka-do-biegania-euforia-biegacza-team\" \/>\n<meta property=\"og:locale\" content=\"pl_PL\" \/>\n<meta property=\"og:type\" content=\"article\" \/>\n<meta property=\"og:title\" content=\"Damska koszulka do biegania - Euforia Biegacza Team - EuforiaBiegacza Team\" \/>\n<meta property=\"og:description\" content=\"Damska koszulka z kr\u00f3tkim r\u0119kawem Euforia Biegacza Team to idealna koszulka na trening w ciep\u0142e dni. Wykonana z pi\u0119knie nadrukowanego materia\u0142u, kt\u00f3ry jest bardzo mi\u0119kki i mi\u0142y w dotyku. Gwarantuje wysoki komfort u\u017cytkowania.\" \/>\n<meta property=\"og:url\" content=\"http:\/\/team.euforiabiegacza-sport.pl\/?product=damska-koszulka-do-biegania-euforia-biegacza-team\" \/>\n<meta property=\"og:site_name\" content=\"EuforiaBiegacza Team\" \/>\n<meta property=\"article:modified_time\" content=\"2021-10-07T09:15:04+00:00\" \/>\n<meta property=\"og:image\" content=\"http:\/\/team.euforiabiegacza-sport.pl\/wp-content\/uploads\/2021\/10\/NowaKoszulkaEB.png\" \/>\n\t<meta property=\"og:image:width\" content=\"1024\" \/>\n\t<meta property=\"og:image:height\" content=\"1483\" \/>\n<meta name=\"twitter:card\" content=\"summary_large_image\" \/>\n<meta name=\"twitter:label1\" content=\"Szacowany czas czytania\" \/>\n\t<meta name=\"twitter:data1\" content=\"1 minuta\" \/>\n<script type=\"application\/ld+json\" class=\"yoast-schema-graph\">{\"@context\":\"https:\/\/schema.org\",\"@graph\":[{\"@type\":\"WebSite\",\"@id\":\"http:\/\/team.euforiabiegacza-sport.pl\/#website\",\"url\":\"http:\/\/team.euforiabiegacza-sport.pl\/\",\"name\":\"EuforiaBiegacza Team\",\"description\":\"Zrodziona z pasji do biegania\",\"potentialAction\":[{\"@type\":\"SearchAction\",\"target\":{\"@type\":\"EntryPoint\",\"urlTemplate\":\"http:\/\/team.euforiabiegacza-sport.pl\/?s={search_term_string}\"},\"query-input\":\"required name=search_term_string\"}],\"inLanguage\":\"pl-PL\"},{\"@type\":\"ImageObject\",\"@id\":\"http:\/\/team.euforiabiegacza-sport.pl\/?product=damska-koszulka-do-biegania-euforia-biegacza-team#primaryimage\",\"inLanguage\":\"pl-PL\",\"url\":\"http:\/\/team.euforiabiegacza-sport.pl\/wp-content\/uploads\/2021\/10\/NowaKoszulkaEB.png\",\"contentUrl\":\"http:\/\/team.euforiabiegacza-sport.pl\/wp-content\/uploads\/2021\/10\/NowaKoszulkaEB.png\",\"width\":1024,\"height\":1483},{\"@type\":\"WebPage\",\"@id\":\"http:\/\/team.euforiabiegacza-sport.pl\/?product=damska-koszulka-do-biegania-euforia-biegacza-team#webpage\",\"url\":\"http:\/\/team.euforiabiegacza-sport.pl\/?product=damska-koszulka-do-biegania-euforia-biegacza-team\",\"name\":\"Damska koszulka do biegania - Euforia Biegacza Team - EuforiaBiegacza Team\",\"isPartOf\":{\"@id\":\"http:\/\/team.euforiabiegacza-sport.pl\/#website\"},\"primaryImageOfPage\":{\"@id\":\"http:\/\/team.euforiabiegacza-sport.pl\/?product=damska-koszulka-do-biegania-euforia-biegacza-team#primaryimage\"},\"datePublished\":\"2021-10-07T09:13:33+00:00\",\"dateModified\":\"2021-10-07T09:15:04+00:00\",\"breadcrumb\":{\"@id\":\"http:\/\/team.euforiabiegacza-sport.pl\/?product=damska-koszulka-do-biegania-euforia-biegacza-team#breadcrumb\"},\"inLanguage\":\"pl-PL\",\"potentialAction\":[{\"@type\":\"ReadAction\",\"target\":[\"http:\/\/team.euforiabiegacza-sport.pl\/?product=damska-koszulka-do-biegania-euforia-biegacza-team\"]}]},{\"@type\":\"BreadcrumbList\",\"@id\":\"http:\/\/team.euforiabiegacza-sport.pl\/?product=damska-koszulka-do-biegania-euforia-biegacza-team#breadcrumb\",\"itemListElement\":[{\"@type\":\"ListItem\",\"position\":1,\"name\":\"Strona g\\u0142\\u00f3wna\",\"item\":\"http:\/\/team.euforiabiegacza-sport.pl\/\"},{\"@type\":\"ListItem\",\"position\":2,\"name\":\"Sklep\",\"item\":\"http:\/\/team.euforiabiegacza-sport.pl\/?page_id=6\"},{\"@type\":\"ListItem\",\"position\":3,\"name\":\"Damska koszulka do biegania &#8211; Euforia Biegacza Team\"}]}]}<\/script>\n<!-- \/ Yoast SEO plugin. -->","yoast_head_json":{"title":"Damska koszulka do biegania - Euforia Biegacza Team - EuforiaBiegacza Team","robots":{"index":"index","follow":"follow","max-snippet":"max-snippet:-1","max-image-preview":"max-image-preview:large","max-video-preview":"max-video-preview:-1"},"canonical":"http:\/\/team.euforiabiegacza-sport.pl\/?product=damska-koszulka-do-biegania-euforia-biegacza-team","og_locale":"pl_PL","og_type":"article","og_title":"Damska koszulka do biegania - Euforia Biegacza Team - EuforiaBiegacza Team","og_description":"Damska koszulka z kr\u00f3tkim r\u0119kawem Euforia Biegacza Team to idealna koszulka na trening w ciep\u0142e dni. Wykonana z pi\u0119knie nadrukowanego materia\u0142u, kt\u00f3ry jest bardzo mi\u0119kki i mi\u0142y w dotyku. Gwarantuje wysoki komfort u\u017cytkowania.","og_url":"http:\/\/team.euforiabiegacza-sport.pl\/?product=damska-koszulka-do-biegania-euforia-biegacza-team","og_site_name":"EuforiaBiegacza Team","article_modified_time":"2021-10-07T09:15:04+00:00","og_image":[{"width":1024,"height":1483,"url":"http:\/\/team.euforiabiegacza-sport.pl\/wp-content\/uploads\/2021\/10\/NowaKoszulkaEB.png","type":"image\/png"}],"twitter_card":"summary_large_image","twitter_misc":{"Szacowany czas czytania":"1 minuta"},"schema":{"@context":"https:\/\/schema.org","@graph":[{"@type":"WebSite","@id":"http:\/\/team.euforiabiegacza-sport.pl\/#website","url":"http:\/\/team.euforiabiegacza-sport.pl\/","name":"EuforiaBiegacza Team","description":"Zrodziona z pasji do biegania","potentialAction":[{"@type":"SearchAction","target":{"@type":"EntryPoint","urlTemplate":"http:\/\/team.euforiabiegacza-sport.pl\/?s={search_term_string}"},"query-input":"required name=search_term_string"}],"inLanguage":"pl-PL"},{"@type":"ImageObject","@id":"http:\/\/team.euforiabiegacza-sport.pl\/?product=damska-koszulka-do-biegania-euforia-biegacza-team#primaryimage","inLanguage":"pl-PL","url":"http:\/\/team.euforiabiegacza-sport.pl\/wp-content\/uploads\/2021\/10\/NowaKoszulkaEB.png","contentUrl":"http:\/\/team.euforiabiegacza-sport.pl\/wp-content\/uploads\/2021\/10\/NowaKoszulkaEB.png","width":1024,"height":1483},{"@type":"WebPage","@id":"http:\/\/team.euforiabiegacza-sport.pl\/?product=damska-koszulka-do-biegania-euforia-biegacza-team#webpage","url":"http:\/\/team.euforiabiegacza-sport.pl\/?product=damska-koszulka-do-biegania-euforia-biegacza-team","name":"Damska koszulka do biegania - Euforia Biegacza Team - EuforiaBiegacza Team","isPartOf":{"@id":"http:\/\/team.euforiabiegacza-sport.pl\/#website"},"primaryImageOfPage":{"@id":"http:\/\/team.euforiabiegacza-sport.pl\/?product=damska-koszulka-do-biegania-euforia-biegacza-team#primaryimage"},"datePublished":"2021-10-07T09:13:33+00:00","dateModified":"2021-10-07T09:15:04+00:00","breadcrumb":{"@id":"http:\/\/team.euforiabiegacza-sport.pl\/?product=damska-koszulka-do-biegania-euforia-biegacza-team#breadcrumb"},"inLanguage":"pl-PL","potentialAction":[{"@type":"ReadAction","target":["http:\/\/team.euforiabiegacza-sport.pl\/?product=damska-koszulka-do-biegania-euforia-biegacza-team"]}]},{"@type":"BreadcrumbList","@id":"http:\/\/team.euforiabiegacza-sport.pl\/?product=damska-koszulka-do-biegania-euforia-biegacza-team#breadcrumb","itemListElement":[{"@type":"ListItem","position":1,"name":"Strona g\u0142\u00f3wna","item":"http:\/\/team.euforiabiegacza-sport.pl\/"},{"@type":"ListItem","position":2,"name":"Sklep","item":"http:\/\/team.euforiabiegacza-sport.pl\/?page_id=6"},{"@type":"ListItem","position":3,"name":"Damska koszulka do biegania &#8211; Euforia Biegacza Team"}]}]}},"jetpack_publicize_connections":[],"jetpack_sharing_enabled":true,"_links":{"self":[{"href":"http:\/\/team.euforiabiegacza-sport.pl\/index.php?rest_route=\/wp\/v2\/product\/17755","targetHints":{"allow":["GET"]}}],"collection":[{"href":"http:\/\/team.euforiabiegacza-sport.pl\/index.php?rest_route=\/wp\/v2\/product"}],"about":[{"href":"http:\/\/team.euforiabiegacza-sport.pl\/index.php?rest_route=\/wp\/v2\/types\/product"}],"replies":[{"embeddable":true,"href":"http:\/\/team.euforiabiegacza-sport.pl\/index.php?rest_route=%2Fwp%2Fv2%2Fcomments&post=17755"}],"wp:featuredmedia":[{"embeddable":true,"href":"http:\/\/team.euforiabiegacza-sport.pl\/index.php?rest_route=\/wp\/v2\/media\/17718"}],"wp:attachment":[{"href":"http:\/\/team.euforiabiegacza-sport.pl\/index.php?rest_route=%2Fwp%2Fv2%2Fmedia&parent=17755"}],"wp:term":[{"taxonomy":"product_brand","embeddable":true,"href":"http:\/\/team.euforiabiegacza-sport.pl\/index.php?rest_route=%2Fwp%2Fv2%2Fproduct_brand&post=17755"},{"taxonomy":"product_cat","embeddable":true,"href":"http:\/\/team.euforiabiegacza-sport.pl\/index.php?rest_route=%2Fwp%2Fv2%2Fproduct_cat&post=17755"},{"taxonomy":"product_tag","embeddable":true,"href":"http:\/\/team.euforiabiegacza-sport.pl\/index.php?rest_route=%2Fwp%2Fv2%2Fproduct_tag&post=17755"}],"curies":[{"name":"wp","href":"https:\/\/api.w.org\/{rel}","templated":true}]}}